34 and 526?
526
What is the greatest common factor of 64 and 38932?
4
What is the highest common factor of 903 and 23667?
21
Calculate the greatest common factor of 2151060 and 60.
60
What is the greatest common divisor of 2568 and 143166?
642
What is the highest common divisor of 584736 and 276?
12
Calculate the highest common divisor of 1402 and 6.
2
Calculate the greatest common factor of 648 and 124920.
72
What is the highest common divisor of 15939 and 1386?
693
Calculate the highest common factor of 37 and 19134994.
37
What is the highest common divisor of 103922 and 780?
26
What is the highest common divisor of 1581 and 87141?
93
What is the highest common factor of 2024777 and 769?
769
Calculate the greatest common factor of 34 and 161534.
34
Calculate the highest common factor of 528 and 697488.
528
What is the greatest common factor of 39968 and 416?
32
Calculate the highest common factor of 10170314 and 154.
154
Calculate the highest common divisor of 2800 and 146650.
350
Calculate the highest common divisor of 732 and 2196366.
366
Calculate the greatest common factor of 2871 and 48.
3
What is the greatest common divisor of 3224668 and 388?
388
Calculate the highest common divisor of 2048 and 2864.
16
What is the greatest common factor of 92444 and 4966?
382
Calculate the highest common factor of 25311 and 6864.
429
What is the greatest common divisor of 5675 and 12939?
227
What is the highest common divisor of 3296 and 15328?
32
What is the highest common factor of 355 and 2112605?
355
Calculate the greatest common divisor of 6188 and 105.
7
Calculate the highest common factor of 6500 and 803140.
260
Calculate the highest common divisor of 6688 and 616.
88
What is the highest common factor of 11870 and 18?
2
What is the highest common divisor of 8200 and 6280?
40
What is the greatest common divisor of 28438 and 5302?
482
What is the highest common factor of 12309 and 330?
33
Calculate the greatest common factor of 123646 and 18752.
586
What is the highest common divisor of 253 and 11339?
23
Calculate the highest common factor of 176951 and 1.
1
What is the greatest common divisor of 940 and 410?
10
What is the highest common factor of 543874 and 579?
193
What is the greatest common divisor of 5478 and 4906?
22
What is the highest common factor of 168495 and 1410?
705
Calculate the highest common factor of 9108 and 138.
138
What is the highest common divisor of 40 and 5336?
8
What is the highest common divisor of 95520 and 608?
32
What is the highest common factor of 48 and 26421?
3
What is the highest common divisor of 9398 and 148?
74
What is the greatest common divisor of 8292 and 172?
4
Calculate the greatest common factor of 2856 and 3774.
102
What is the greatest common factor of 372 and 120948?
12
What is the greatest common divisor of 387 and 56373?
129
Calculate the greatest common factor of 148 and 128.
4
What is the greatest common factor of 2 and 614?
2
What is the greatest common factor of 223 and 2782148?
223
What is the highest common divisor of 440 and 5192?
88
Calculate the greatest common factor of 168059 and 410.
41
Calculate the highest common divisor of 85184 and 3344.
176
What is the highest common divisor of 432 and 1339488?
144
Calculate the highest common factor of 472 and 12803.
59
Calculate the greatest common factor of 4356 and 1386.
198
Calculate the greatest common divisor of 380 and 8379.
19
Calculate the highest common divisor of 416 and 2368184.
104
Calculate the highest common factor of 4292 and 36308.
116
Calculate the highest common factor of 65975 and 2175.
725
Calculate the greatest common divisor of 20504 and 572.
44
What is the highest common divisor of 1364 and 68420?
44
What is the highest common divisor of 118 and 1519250?
118
Calculate the highest common divisor of 4108 and 234.
26
What is the greatest common factor of 201025 and 9933?
473
What is the greatest common divisor of 11 and 1429087?
11
Calculate the highest common factor of 1416 and 1293.
3
Calculate the highest common factor of 50925 and 32495.
485
What is the greatest common divisor of 188 and 844?
4
What is the greatest common factor of 3378 and 2825697?
1689
What is the highest common divisor of 60660 and 135?
45
Calculate the highest common factor of 49735 and 18270.
1015
What is the highest common divisor of 7 and 5329751?
7
Calculate the greatest common divisor of 65 and 198783.
13
What is the highest common factor of 65 and 494?
13
What is the highest common divisor of 1850 and 5069?
37
What is the highest common divisor of 127027 and 177?
59
What is the highest common factor of 153 and 206805?
51
Calculate the greatest common divisor of 225 and 3200.
25
Calculate the greatest common divisor of 2139 and 1643.
31
Calculate the greatest common divisor of 24 and 16056.
24
What is the greatest common factor of 42 and 108906?
42
Calculate the greatest common divisor of 810 and 11826.
162
Calculate the highest common factor of 96627 and 5487.
93
Calculate the greatest common divisor of 71621 and 119.
17
What is the highest common factor of 16208 and 40?
8
Calculate the greatest common divisor of 714189 and 7455.
1491
Calculate the greatest common divisor of 6399 and 79.
79
Calculate the highest common divisor of 2256 and 1104.
48
What is the greatest common divisor of 170 and 115090?
170
Calculate the highest common divisor of 465 and 38688.
93
Calculate the greatest common factor of 197316 and 3451.
203
Calculate the greatest common factor of 30348 and 126.
18
Calculate the highest common divisor of 258510 and 21.
21
What is the greatest common factor of 45 and 1456905?
15
What is the greatest common factor of 51706 and 12550?
502
Calculate the greatest common divisor of 192 and 398064.
48
What is the greatest common divisor of 264896 and 256?
64
Calculate the highest common factor of 89951 and 2456.
307
Calculate the highest common factor of 90304 and 192.
64
What is the greatest common divisor of 3 and 4300?
1
Calculate the highest common factor of 765 and 5085.
45
What is the highest common divisor of 2193 and 140997?
129
Calculate the greatest common factor of 262857 and 714.
21
What is the greatest common divisor of 1345 and 17754?
269
Calculate the greatest common factor of 75300 and 75.
75
Calculate the greatest common factor of 366 and 140568.
6
Calculate the greatest common divisor of 86528 and 4864.
256
What is the greatest common divisor of 6 and 52518?
6
What is the greatest common factor of 6980 and 340?
20
What is the highest common divisor of 38 and 96406?
38
Calculate the greatest common divisor of 2464 and 44000.
352
Calculate the highest common factor of 33274 and 3.
1
Calculate the highest common factor of 11082 and 72.
6
What is the greatest common divisor of 6 and 262?
2
Calculate the greatest common factor of 1887 and 1795795.
629
Calculate the greatest common divisor of 2117748 and 276.
276
Calculate the greatest common divisor of 10189 and 14176.
443
Calculate the highest common divisor of 901636 and 1484.
212
Calculate the greatest common factor of 59424 and 732.
12
Calculate the highest common divisor of 24676 and 806.
62
What is the greatest common factor of 523904 and 640?
128
What is the highest common divisor of 1139180 and 103?
103
Calculate the greatest common divisor of 86791 and 758.
379
Calculate the greatest common divisor of 15894 and 1116.
18
Calculate the highest common factor of 288 and 4384.
32
Calculate the highest common factor of 864 and 4128.
96
Calculate the greatest common divisor of 7175 and 69454.
287
What is the highest common divisor of 56781 and 648?
81
Calculate the greatest common divisor of 34 and 17153.
17
What is the greatest common factor of 3892392 and 504?
504
Calculate the greatest common factor of 826 and 171542.
14
What is the highest common divisor of 18178 and 298?
298
Calculate the greatest common factor of 7479 and 61263.
27
Calculate the highest common factor of 161 and 19389.
23
Calculate the greatest common divisor of 20 and 340955.
5
Calculate the highest common factor of 70587 and 12397.
253
Calculate the highest common divisor of 4536 and 9702.
126
What is the highest common factor of 314902 and 332?
166
What is the highest common factor of 8319 and